{"id":92,"date":"2018-08-16T12:49:26","date_gmt":"2018-08-16T10:49:26","guid":{"rendered":"http:\/\/jakobtriebel.de\/?page_id=92"},"modified":"2026-03-10T13:03:42","modified_gmt":"2026-03-10T12:03:42","slug":"contact","status":"publish","type":"page","link":"https:\/\/jakobtriebel.de\/?page_id=92","title":{"rendered":"CONTACT"},"content":{"rendered":"<hr \/>\n<p style=\"text-align: center;\">Address<\/p>\n<p style=\"text-align: center;\">Assoc. Prof. Dr. med. Jakob Triebel<br \/>Institut f\u00fcr Labor- und Infektionsmedizin<br \/>Klinikum N\u00fcrnberg &amp; Paracelsus Medizinische Privatuniversit\u00e4t N\u00fcrnberg<br \/>Prof.-Ernst-Nathan-Str. 1<br \/>90419 N\u00fcrnberg<\/p>\n<p style=\"text-align: center;\">E-Mail: Jakob.Triebel@gmx.de \/ Jakob.Triebel@proton.me<\/p>\n<p style=\"text-align: center;\">Assoc. Prof. Jakob Triebel MD<br \/>Institute for Laboratory and Infectious Disease Medicine<br \/>General Hospital Nuremberg &amp; Paracelsus Medical University Nuremberg<br \/>Prof.-Ernst-Nathan-Str. 1<br \/>90419 Nuremberg<br \/>Germany<\/p>\n<hr \/>\n<p style=\"text-align: center;\">Profiles<\/p>\n<div style=\"text-align: center;\"><a style=\"vertical-align: top;\" href=\"https:\/\/orcid.org\/0000-0002-1989-8645\" target=\"orcid.widget\" rel=\"noopener noreferrer\"><img decoding=\"async\" style=\"width: 1em; margin-right: .5em;\" src=\"https:\/\/orcid.org\/sites\/default\/files\/images\/orcid_16x16.png\" alt=\"ORCID iD icon\" \/>orcid.org\/0000-0002-1989-8645<\/a><\/div>\n<div style=\"text-align: center;\"><a href=\"https:\/\/www.ncbi.nlm.nih.gov\/pubmed\/?term=Triebel%2C+Jakob\" target=\"_blank\" rel=\"noopener noreferrer\">Publications in PubMed: Jakob Triebel<\/a><\/div>\n<div style=\"text-align: center;\"><a href=\"https:\/\/loop.frontiersin.org\/people\/198532\/impact\">Loop: Jakob Triebel<\/a><\/div>\n<div style=\"text-align: center;\"><a href=\"https:\/\/www.researchgate.net\/profile\/Jakob_Triebel\">ResearchGate: Jakob_Triebel<\/a><\/div>\n<div>\u00a0<\/div>\n<div style=\"text-align: center;\">\u00a0<\/div>\n<div style=\"text-align: center;\"><hr \/><\/div>\n<p><span style=\"white-space: nowrap;\">\u00a0 \u00a0 \u00a0 \u00a0 \u00a0 \u00a0 \u00a0 \u00a0 \u00a0 \u00a0 \u00a0 \u00a0 \u00a0 \u00a0 \u00a0 \u00a0 \u00a0 \u00a0 \u00a0 \u00a0 \u00a0 \u00a0 \u00a0 \u00a0 \u00a0 \u00a0 \u00a0 \u00a0 <\/span><\/p>\n\n\n<div class=\"wp-block-media-text is-stacked-on-mobile\"><figure class=\"wp-block-media-text__media\"><\/figure><div class=\"wp-block-media-text__content\">\n<p><\/p>\n<\/div><\/div>\n\n\n\n<details class=\"wp-block-details is-layout-flow wp-block-details-is-layout-flow\"><summary><\/summary>\n<p><\/p>\n<\/details>\n\n\n\n<p><\/p>\n\n\n\n<p><\/p>\n\n\n\n<p><\/p>\n\n\n\n<p><\/p>\n\n\n\n<p><\/p>\n\n\n\n<p><\/p>\n\n\n\n<p><\/p>\n\n\n\n<p><\/p>\n\n\n\n<p><\/p>\n\n\n\n<p><\/p>\n\n\n\n<p><\/p>\n","protected":false},"excerpt":{"rendered":"<p>Address Assoc. Prof. Dr. med. Jakob TriebelInstitut f\u00fcr Labor- und InfektionsmedizinKlinikum N\u00fcrnberg &amp; Paracelsus Medizinische Privatuniversit\u00e4t N\u00fcrnbergProf.-Ernst-Nathan-Str. 190419 N\u00fcrnberg E-Mail: Jakob.Triebel@gmx.de \/ Jakob.Triebel@proton.me Assoc. Prof. Jakob Triebel MDInstitute for Laboratory<\/p>\n","protected":false},"author":1,"featured_media":0,"parent":0,"menu_order":7,"comment_status":"closed","ping_status":"closed","template":"","meta":{"footnotes":""},"class_list":["post-92","page","type-page","status-publish","hentry","comments-off"],"_links":{"self":[{"href":"https:\/\/jakobtriebel.de\/index.php?rest_route=\/wp\/v2\/pages\/92","targetHints":{"allow":["GET"]}}],"collection":[{"href":"https:\/\/jakobtriebel.de\/index.php?rest_route=\/wp\/v2\/pages"}],"about":[{"href":"https:\/\/jakobtriebel.de\/index.php?rest_route=\/wp\/v2\/types\/page"}],"author":[{"embeddable":true,"href":"https:\/\/jakobtriebel.de\/index.php?rest_route=\/wp\/v2\/users\/1"}],"replies":[{"embeddable":true,"href":"https:\/\/jakobtriebel.de\/index.php?rest_route=%2Fwp%2Fv2%2Fcomments&post=92"}],"version-history":[{"count":82,"href":"https:\/\/jakobtriebel.de\/index.php?rest_route=\/wp\/v2\/pages\/92\/revisions"}],"predecessor-version":[{"id":1532,"href":"https:\/\/jakobtriebel.de\/index.php?rest_route=\/wp\/v2\/pages\/92\/revisions\/1532"}],"wp:attachment":[{"href":"https:\/\/jakobtriebel.de\/index.php?rest_route=%2Fwp%2Fv2%2Fmedia&parent=92"}],"curies":[{"name":"wp","href":"https:\/\/api.w.org\/{rel}","templated":true}]}}